 is the remainder when 30438 is divided by 5059?
84
Calculate the remainder when 12513 is divided by 946.
215
Calculate the remainder when 228228 is divided by 2074.
88
Calculate the remainder when 88427872 is divided by 5.
2
Calculate the remainder when 2567137 is divided by 151005.
52
What is the remainder when 106961 is divided by 26734?
25
What is the remainder when 2684544 is divided by 636?
624
Calculate the remainder when 476594 is divided by 119105.
174
Calculate the remainder when 12034 is divided by 2597.
1646
What is the remainder when 2510879 is divided by 683?
171
Calculate the remainder when 415604 is divided by 24411.
617
What is the remainder when 787095915 is divided by 3536?
3531
Calculate the remainder when 715456167 is divided by 390.
387
Calculate the remainder when 704680 is divided by 140933.
15
What is the remainder when 131169263 is divided by 206?
205
Calculate the remainder when 424270 is divided by 53025.
70
What is the remainder when 349923 is divided by 24994?
7
Calculate the remainder when 6575702 is divided by 24175.
102
Calculate the remainder when 2137949 is divided by 7.
2
Calculate the remainder when 1692814 is divided by 27302.
90
Calculate the remainder when 931689 is divided by 1941.
9
Calculate the remainder when 1851078 is divided by 34.
16
Calculate the remainder when 13351426 is divided by 14901.
130
Calculate the remainder when 1677230 is divided by 146.
128
Calculate the remainder when 115299 is divided by 28578.
987
Calculate the remainder when 1775575 is divided by 295879.
301
What is the remainder when 89577252 is divided by 14929541?
6
Calculate the remainder when 338265 is divided by 2939.
280
Calculate the remainder when 52687719 is divided by 72.
63
Calculate the remainder when 1430577 is divided by 238424.
33
What is the remainder when 17625851 is divided by 8812901?
49
Calculate the remainder when 535087 is divided by 179.
56
What is the remainder when 788783 is divided by 680?
663
Calculate the remainder when 869455 is divided by 4305.
4150
What is the remainder when 21631449 is divided by 89?
88
Calculate the remainder when 5663624 is divided by 58.
40
Calculate the remainder when 1102627 is divided by 45942.
19
Calculate the remainder when 13200576 is divided by 550023.
24
What is the remainder when 76540966 is divided by 2074?
2070
Calculate the remainder when 16098325 is divided by 2492.
5
Calculate the remainder when 1006753 is divided by 167.
77
What is the remainder when 400062 is divided by 13?
0
What is the remainder when 115543 is divided by 399?
232
Calculate the remainder when 213962 is divided by 88.
34
What is the remainder when 14257358 is divided by 507?
11
Calculate the remainder when 2147 is divided by 1338.
809
What is the remainder when 974836 is divided by 108305?
91
Calculate the remainder when 380277 is divided by 939.
921
What is the remainder when 1379497 is divided by 689619?
259
What is the remainder when 1541398 is divided by 128430?
238
Calculate the remainder when 1729668 is divided by 2209.
21
Calculate the remainder when 803754 is divided by 88698.
5472
Calculate the remainder when 2594433 is divided by 152613.
12
What is the remainder when 2227646 is divided by 83?
9
Calculate the remainder when 1105125 is divided by 221022.
15
What is the remainder when 21219034 is divided by 257?
86
What is the remainder when 476752 is divided by 2202?
1120
Calculate the remainder when 5711456 is divided by 47.
16
Calculate the remainder when 114356 is divided by 5151.
1034
Calculate the remainder when 69108613 is divided by 440182.
39
What is the remainder when 10344947 is divided by 55?
52
Calculate the remainder when 3805137 is divided by 60399.
0
Calculate the remainder when 4725724 is divided by 298.
40
What is the remainder when 98203740 is divided by 2395213?
7
What is the remainder when 99169 is divided by 9596?
3209
Calculate the remainder when 36887108 is divided by 49.
6
Calculate the remainder when 16087484 is divided by 402187.
4
Calculate the remainder when 22492 is divided by 21941.
551
Calculate the remainder when 252436 is divided by 11524.
10432
Calculate the remainder when 64576704 is divided by 694.
4
What is the remainder when 99606 is divided by 9936?
246
What is the remainder when 1408924 is divided by 704442?
40
What is the remainder when 205839081 is divided by 40?
1
What is the remainder when 579484 is divided by 144855?
64
What is the remainder when 1366436 is divided by 590?
586
What is the remainder when 53052115 is divided by 57?
49
What is the remainder when 992257 is divided by 685?
377
What is the remainder when 61801596 is divided by 4340?
4336
What is the remainder when 13502004 is divided by 127?
126
What is the remainder when 17898655 is divided by 95?
85
Calculate the remainder when 126811 is divided by 1075.
1036
Calculate the remainder when 5465047 is divided by 15.
7
Calculate the remainder when 2705120 is divided by 38644.
40
Calculate the remainder when 19480 is divided by 18897.
583
What is the remainder when 902593 is divided by 5606?
27
Calculate the remainder when 1531893868 is divided by 39.
37
What is the remainder when 2204299 is divided by 1102146?
7
What is the remainder when 135504638 is divided by 640?
638
What is the remainder when 517287 is divided by 219?
9
What is the remainder when 4003160 is divided by 117739?
34
Calculate the remainder when 106397794 is divided by 34.
30
Calculate the remainder when 17920062 is divided by 1378463.
43
What is the remainder when 664570 is divided by 73834?
64
Calculate the remainder when 280014837 is divided by 210.
207
What is the remainder when 7895564 is divided by 1514?
54
What is the remainder when 1298808 is divided by 15279?
93
What is the remainder when 38059165 is divided by 262?
259
Calculate the remainder when 8437104 is divided by 47.
40
What is the remainder when 25610 is divided by 1150?
310
Calculate the remainder when 2781619 is divided by 221.
113
Calculate the remainder when 40961 is divided by 20472.
17
What is the remainder when 11830 is divided by 1160?
230
Calculate the remainder when 55804 is divided by 27514.
776
Calculate the remainder when 149140899 is divided by 113.
109
Calculate the remainder when 3583112 is divided by 3831.
1127
What is the remainder when 14425265 is divided by 12122?
85
What is the remainder when 6911743 is divided by 345586?
23
What is the remainder when 31238784 is divided by 4?
0
What is the remainder when 71298618 is divided by 902514?
12
Calculate the remainder when 167181 is divided by 82474.
2233
What is the remainder when 92059014 is divided by 1917896?
6
What is the remainder when 59100380 is divided by 11053?
11042
What is the remainder when 21480 is divided by 21305?
175
Calculate the remainder when 5119464 is divided by 20.
4
What is the remainder when 2797396 is divided by 1970?
1966
What is the remainder when 1895852 is divided by 2072?
2044
What is the remainder when 83930 is divided by 27928?
146
What is the remainder when 207858 is divided by 459?
390
Calculate the remainder when 41898690 is divided by 1769.
1694
What is the remainder when 40161049 is divided by 405?
34
Calculate the remainder when 4487053 is divided by 43.
3
Calculate the remainder when 2152291 is divided by 505.
486
What is the remainder when 6183339 is divided by 441?
78
Calculate the remainder when 4386757 is divided by 3017.
39
What is the remainder when 80686 is divided by 11100?
2986
Calculate the remainder when 15463491 is divided by 6891.
87
What is the remainder when 359676 is divided by 7361?
6348
Calculate the remainder when 42485570 is divided by 14161854.
8
Calculate the remainder when 17192 is divided by 2717.
890
Calculate the remainder when 209128 is divided by 4937.
1774
What is the remainder when 426608905 is divided by 4789?
4785
Calculate the remainder when 1478321 is divided by 18477.
161
Calculate the remainder when 5474664 is divided by 1386.
1350
What is the remainder when 28612 is divided by 6844?
1236
What is the remainder when 379637 is divided by 4068?
1313
Calculate the remainder when 123048 is divided by 4576.
4072
Calculate the remainder when 3401004 is divided by 340091.
94
What is the remainder when 1994 is divi